2025010 a multiple of 70?
True
Does 1902 divide 40369522?
False
Is 80 a factor of 353975680?
True
Is 25 a factor of 1396022687?
False
Does 52 divide 24311716?
True
Is 253849700 a multiple of 325?
True
Is 17 a factor of 581282269?
False
Is 74013658 a multiple of 46?
False
Does 22 divide 4851430?
False
Is 16 a factor of 209387471?
False
Does 4801 divide 522348800?
True
Is 249 a factor of 17850312?
True
Does 15 divide 2304611031?
False
Does 41 divide 192270648?
True
Is 11558096 a multiple of 81?
False
Is 55626413 a multiple of 146?
False
Does 41 divide 557804180?
True
Does 6868 divide 214467036?
True
Does 6 divide 989922?
True
Is 8559038 a multiple of 43?
False
Is 44 a factor of 556273064?
False
Does 583 divide 365916452?
True
Is 231 a factor of 378744135?
True
Does 18 divide 69425838?
True
Is 874 a factor of 2502009414?
True
Does 465 divide 918760855?
False
Does 4 divide 29620183?
False
Does 103 divide 115942053?
True
Is 30 a factor of 27053092?
False
Is 96594576 a multiple of 312?
True
Is 38053095 a multiple of 260?
False
Is 142350027 a multiple of 19?
False
Is 29 a factor of 618564403?
True
Does 110 divide 876519928?
False
Is 1558 a factor of 442459536?
True
Is 5 a factor of 85821815?
True
Is 1256499993 a multiple of 1491?
True
Does 413 divide 1790355?
True
Is 2330 a factor of 38116470?
True
Is 914451982 a multiple of 207?
False
Does 2209 divide 38800815?
False
Is 105789348 a multiple of 1107?
True
Is 187 a factor of 8600927?
False
Does 4 divide 23642349?
False
Is 103 a factor of 308637337?
True
Is 13437035 a multiple of 57?
False
Is 7858 a factor of 1779813426?
True
Is 84093237 a multiple of 51?
True
Does 3376 divide 4345091041?
False
Does 4 divide 7717308?
True
Is 55 a factor of 44371271?
False
Is 10939001 a multiple of 130?
False
Is 147300102 a multiple of 6?
True
Is 4293850 a multiple of 185?
True
Is 12 a factor of 177207012?
True
Is 1016 a factor of 2538930777?
False
Is 7110 a factor of 841457402?
False
Is 10 a factor of 69621890?
True
Is 16799944 a multiple of 238?
True
Is 110 a factor of 408320?
True
Is 1068 a factor of 7134710?
False
Is 139 a factor of 13025412?
True
Is 210 a factor of 4534491360?
True
Is 13 a factor of 124401076?
False
Is 70288584 a multiple of 101?
False
Is 570 a factor of 502487940?
False
Does 17 divide 181966514?
False
Does 15 divide 13951284?
False
Does 402 divide 15291786?
False
Does 154 divide 9332092?
True
Does 39 divide 99417186?
False
Does 236 divide 517368876?
True
Is 3638 a factor of 374096355?
False
Is 18803030 a multiple of 890?
True
Is 960 a factor of 53382720?
True
Is 116218107 a multiple of 9?
True
Is 11 a factor of 326428729?
True
Does 38 divide 391873907?
False
Is 260443548 a multiple of 2803?
True
Is 1610288424 a multiple of 9288?
True
Does 335 divide 259051145?
True
Is 23 a factor of 86064229?
True
Is 230858096 a multiple of 247?
False
Is 9 a factor of 31613141?
False
Does 17 divide 456775278?
True
Is 95355284 a multiple of 55?
False
Does 781 divide 387794616?
True
Is 870159960 a multiple of 20?
True
Is 679 a factor of 44833994?
False
Does 822 divide 22164408?
True
Is 192827590 a multiple of 29?
False
Is 1464854858 a multiple of 53?
False
Does 5 divide 13058824?
False
Is 35868037 a multiple of 487?
True
Is 1845365468 a multiple of 58?
True
Is 17 a factor of 31934279?
True
Is 601094699 a multiple of 10063?
False
Is 128 a factor of 956553984?
True
Is 16007192 a multiple of 25?
False
Does 1366 divide 53071201?
False
Is 54 a factor of 231096294?
True
Is 872 a factor of 93355414?
False
Is 37332944 a multiple of 1892?
True
Is 85 a factor of 46597595?
True
Is 286276066 a multiple of 214?
False
Does 62 divide 265264104?
False
Is 116 a factor of 328184184?
True
Is 184 a factor of 1643156064?
True
Is 1366 a factor of 19951102?
False
Is 3502509088 a multiple of 416?
True
Is 257753341 a multiple of 13?
False
Does 901 divide 2408442690?
False
Is 412 a factor of 2870960?
False
Does 39 divide 650199678?
False
Does 380 divide 845410?
False
Does 14 divide 20327286?
True
Does 123 divide 29259855?
True
Does 1677 divide 2817041370?
True
Does 331 divide 643241808?
False
Is 6655276829 a multiple of 14434?
False
Does 828 divide 10559484?
True
Is 584653620 a multiple of 60?
True
Does 18 divide 19498492?
False
Is 15 a factor of 354635937?
False
Is 2154 a factor of 1274635962?
True
Does 3195 divide 110070945?
True
Does 1348 divide 18836952?
True
Does 3221 divide 307218821?
False
Does 36 divide 80554440?
False
Is 1337 a factor of 51507051?
False
Is 28 a factor of 105421904?
True
Does 7 divide 817934?
False
Is 10 a factor of 175088356?
False
Does 14 divide 277243470?
True
Is 4815 a factor of 1535352740?
False
Is 109 a factor of 390063903?
False
Is 342854204 a multiple of 452?
True
Is 1566 a factor of 5480010?
False
Is 31 a factor of 54305674?
False
Is 1436362 a multiple of 123?
False
Is 17 a factor of 64696752?
False
Is 97 a factor of 27464355?
False
Is 39081328 a multiple of 21?
False
Does 20 divide 2769780?
True
Does 4802 divide 202149794?
True
Is 3401 a factor of 1032166089?
True
Does 25 divide 429699550?
True
Does 808 divide 5057623138?
False
Is 23 a factor of 278018411?
True
Does 1612 divide 106514512?
True
Is 288 a factor of 2132284090?
False
Does 530 divide 249944883?
False
Is 28705502 a multiple of 122?
True
Is 154 a factor of 460084199?
False
Does 10 divide 185127240?
True
Is 512 a factor of 75092595?
False
Is 258835566 a multiple of 4026?
True
Is 29676920 a multiple of 434?
True
Is 5 a factor of 11616600?
True
Is 3230 a factor of 154410150?
True
Is 5927452440 a multiple of 420?
True
Does 1157 divide 24941449?
True
Is 10219768 a multiple of 676?
True
Is 1600 a factor of 326772015?
False
Is 19999150 a multiple of 344?
False
Does 270 divide 3639713?
False
Does 3136 divide 373761024?
True
Does 62 divide 215557900?
False
Is 241202568 a multiple of 339?
True
Does 2832 divide 49266592?
False
Is 114488244 a multiple of 18?
True
Does 963 divide 234000928?
False
Is 9784827 a multiple of 155?
False
Does 6082 divide 3541755388?
True
Is 3146 a factor of 1184831863?
False
Is 65 a factor of 161469016?
False
Does 20 divide 3200314?
False
Is 9160 a factor of 2274965855?
False
Is 840 a factor of 114685200?
True
Is 109 a factor of 57365610?
True
Does 1774 divide 49959388?
True
Is 2811 a factor of 2297260541?
False
Does 627 divide 57575384?
False
Is 11 a factor of 237604826?
False
Is 5433 a factor of 1831030407?
False
Is 99080331 a multiple of 3?
True
Is 9 a factor of 17368710?
False
Is 92 a factor of 74479002?
False
Is 1154 a factor of 19637618?
True
Is 11576544 a multiple of 107?
True
Does 457 divide 179578350?
False
Does 14 divide 3869321925?
False
Does 181 divide 42708036?
True
Is 4219635 a multiple of 35?
True
Does 92 divide 61185428?
True
Is 66 a factor of 1906117295?
False
Does 2518 divide 97978549?
False
Does 1039 divide 3456953527?
True
Is 13 a factor of 124024256?
False
Is 153651750 a multiple of 74?
True
Does 12 divide 12156096?
True
Is 72462863 a multiple of 11?
True
Does 67 divide 10224535?
True
Does 15 divide 417609750?
True
Is 16 a factor of 22854892?
False
Is 119 a factor of 10187487?
False
Does 250 divide 1988845830?
False
Does 91 divide 480080432?
False
Is 24442992 a multiple of 24?
True
Is 205 a factor of 97368354?
False
Is 2321010 a multiple of 10?
True
Is 120587268 a multiple of 181?
True
Does 4 divide 1070920?
True
Is 496 a factor of 17919488?
True
Is 13688048 a multiple of 22?
True
Is 320 a factor of 1094016337?
False
Is 139475346 a multiple of 1512?
False
Is 1176 a factor of 203608190?
False
Is 40675352 a multiple of 19?
True
Is 11080053 a multiple of 419?
False
Does 885 divide 3165645?
True
Is 2892689264 a multiple of 16?
True
Is 2405700 a multiple of 8748?
True
Is 222294252 a multiple of 3?
True
Does 13 divide 555765652?
True
Is 198 a factor of 201070188?
True
Does 89 divide 4732721?
False
Does 3 divide 31920909?
True
Does 523 divide 26890842?
False
Is 18 a factor of 1223863776?
True
Is 13 a factor of 399360715?
True
Is 24 a factor of 779447376?
True
Is 118 a factor of 16199998?
False
Is 612619152 a multiple of 444?
False
Does 98 divide 127878987?
False
Does 4 divide 245916954?
False
Does 7753 divide 187117481?
False
Is 22567082 a multiple of 21?
False
Does 262 divide 469620577?
False
Is 28456730 a multip